{"id":121,"date":"2021-11-30T17:03:05","date_gmt":"2021-11-30T16:03:05","guid":{"rendered":"https:\/\/gleam:8000\/centroestetica2021\/?page_id=121"},"modified":"2022-03-15T16:55:11","modified_gmt":"2022-03-15T15:55:11","slug":"trattamenti-con-macchinari","status":"publish","type":"page","link":"https:\/\/www.centroesteticamoderna.com\/?page_id=121","title":{"rendered":"Trattamenti con macchinari"},"content":{"rendered":"<div class=\"wpb-content-wrapper\"><p>[vc_row][vc_column]<style type=\"text\/css\" data-type=\"the7_shortcodes-inline-css\">#default-btn-b87d23af8a22013fec089d5efb33c510.ico-right-side > i {\n  margin-right: 0px;\n  margin-left: 8px;\n}\n#default-btn-b87d23af8a22013fec089d5efb33c510 > i {\n  margin-right: 8px;\n}<\/style><div class=\"btn-align-center\"><a href=\"https:\/\/www.centroesteticamoderna.com\/?page_id=164\" class=\"default-btn-shortcode dt-btn dt-btn-l link-hover-off  vc_custom_1638350527867\" id=\"default-btn-b87d23af8a22013fec089d5efb33c510\" title=\"Prenota un trattamento\"><span>Prenota trattamento<\/span><\/a><\/div>[vc_custom_heading text=&#8221;Elettrostimolazione&#8221; font_container=&#8221;tag:p|font_size:25px|text_align:center|line_height:30px&#8221; use_theme_fonts=&#8221;yes&#8221;][vc_separator el_width=&#8221;90&#8243; css=&#8221;.vc_custom_1647359679962{margin-top: 20px !important;margin-bottom: 20px !important;}&#8221;][vc_custom_heading text=&#8221;Solarium Doccia&#8221; font_container=&#8221;tag:p|font_size:25px|text_align:center|line_height:30px&#8221; use_theme_fonts=&#8221;yes&#8221;][vc_column_text]<\/p>\n<p style=\"text-align: center;\">In pochi minuti un corpo dorato.\u00a0Prima cosa da valutare per una esposizione \u00e8 il fototipo, cio\u00e8 la quantit\u00e0 di Melanina esistente in natura.<br \/>\n<strong>FOTOTIPO 1<\/strong>: pelle molto chiara facilmente soggetta a scottature si abbronza lievemente(capelli molto chiari)<br \/>\n<strong>FOTOTIPO 2<\/strong>: colorito medio e meno soggetto a scottature<br \/>\n<strong>FOTPTIPO 3<\/strong>: colorito olivastro, poco soggetto a scottature<br \/>\n<strong>FOTOTIPO 4<\/strong>: pelle scura, non si scotta quasi mai.<br \/>\nLa cabina \u00e8 molto spaziosa aperta per chi soffre spazzi chiusi.<\/p>\n<p>[\/vc_column_text][vc_separator el_width=&#8221;90&#8243; css=&#8221;.vc_custom_1647359679962{margin-top: 20px !important;margin-bottom: 20px !important;}&#8221;][vc_custom_heading text=&#8221;Pressoterapia&#8221; font_container=&#8221;tag:p|font_size:25px|text_align:center|line_height:30px&#8221; use_theme_fonts=&#8221;yes&#8221;][vc_column_text]<\/p>\n<p style=\"text-align: center;\">La pressoterapia \u00e8 un trattamento estetico che aiuta a combattere la cellulite e ritenzione idrica. agisce sui liquidi del nostro corpo ( sangue e linfa) e migliorando il drenaggio.rimuovendo i ristagni e le tossine negli spazi intracellulari riattivando la circolazione.<\/p>\n<p>[\/vc_column_text][vc_separator el_width=&#8221;90&#8243; css=&#8221;.vc_custom_1647359679962{margin-top: 20px !important;margin-bottom: 20px !important;}&#8221;][vc_custom_heading text=&#8221;Spray Abbronzante Thats\u2019so&#8221; font_container=&#8221;tag:p|font_size:25px|text_align:center|line_height:30px&#8221; use_theme_fonts=&#8221;yes&#8221;][vc_column_text]<\/p>\n<p style=\"text-align: center;\">That\u2019so Macchinario per Abbronzatura Spray Professionale<br \/>\nThat\u2019so \u00e8 il trattamento professionale spray che rivoluziona il concetto del beauty: grazie all\u2019utilizzo di lozioni innovative e uniche, potrai scegliere per la tua pelle il colore che preferisci.Grazie al sistema spray di ultima generazione utilizzato nell\u2019apparecchiatura, permette la perfetta applicazione con risultati ineguagliabili.<\/p>\n<p>[\/vc_column_text][vc_separator el_width=&#8221;90&#8243; css=&#8221;.vc_custom_1647359679962{margin-top: 20px !important;margin-bottom: 20px !important;}&#8221;][vc_custom_heading text=&#8221;Idromassaggio&#8221; font_container=&#8221;tag:p|font_size:25px|text_align:center|line_height:30px&#8221; use_theme_fonts=&#8221;yes&#8221;][vc_column_text]<\/p>\n<p style=\"text-align: center;\">L\u2019acqua \u00e8 l\u2019origine di tutte le cose e di tutti i principi: benifici di un buon massaggio in acqua. L\u2019idromassaggio sfrutta i principi dell\u2019idroterapia unitamente ai benefici della massoterapia.\u00a0Benefici positivi della vasca idromassaggio sulla salute. Ecco otto delle cose pi\u00f9 importanti che l\u2019idromassaggio pu\u00f2 fare per rendere la vostra vita pi\u00f9 sana.<br \/>\n1. Migliora il Sonno<br \/>\n2. Stress e Ansia<br \/>\n3. Riduce il Dolore e Accelera la Guarigione<br \/>\n4. Abbassa gli Zuccheri nel Sangue<br \/>\n5. Abbassa la Pressione Sanguigna<br \/>\n6. Promuovere una Pelle Pi\u00f9 Sana<br \/>\n7. Diminuisce il Mal di Testa da Tensione e la Frequenza di Emicranie<br \/>\n8. favorisce il drenaggio dei liquidi.<\/p>\n<p>[\/vc_column_text][\/vc_column][\/vc_row]<\/p>\n<\/div>","protected":false},"excerpt":{"rendered":"<p>[vc_row][vc_column][vc_custom_heading text=&#8221;Elettrostimolazione&#8221; font_container=&#8221;tag:p|font_size:25px|text_align:center|line_height:30px&#8221; use_theme_fonts=&#8221;yes&#8221;][vc_separator el_width=&#8221;90&#8243; css=&#8221;.vc_custom_1647359679962{margin-top: 20px !important;margin-bottom: 20px !important;}&#8221;][vc_custom_heading text=&#8221;Solarium Doccia&#8221; font_container=&#8221;tag:p|font_size:25px|text_align:center|line_height:30px&#8221; use_theme_fonts=&#8221;yes&#8221;][vc_column_text] In pochi minuti un corpo dorato.\u00a0Prima cosa da valutare per una esposizione \u00e8 il fototipo, cio\u00e8 la quantit\u00e0 di Melanina esistente in natura. FOTOTIPO 1: pelle molto chiara facilmente soggetta a scottature si abbronza lievemente(capelli molto chiari) FOTOTIPO 2: colorito medio&hellip;<\/p>\n","protected":false},"author":1,"featured_media":0,"parent":0,"menu_order":0,"comment_status":"closed","ping_status":"closed","template":"","meta":{"footnotes":""},"class_list":["post-121","page","type-page","status-publish","hentry","description-off"],"_links":{"self":[{"href":"https:\/\/www.centroesteticamoderna.com\/index.php?rest_route=\/wp\/v2\/pages\/121","targetHints":{"allow":["GET"]}}],"collection":[{"href":"https:\/\/www.centroesteticamoderna.com\/index.php?rest_route=\/wp\/v2\/pages"}],"about":[{"href":"https:\/\/www.centroesteticamoderna.com\/index.php?rest_route=\/wp\/v2\/types\/page"}],"author":[{"embeddable":true,"href":"https:\/\/www.centroesteticamoderna.com\/index.php?rest_route=\/wp\/v2\/users\/1"}],"replies":[{"embeddable":true,"href":"https:\/\/www.centroesteticamoderna.com\/index.php?rest_route=%2Fwp%2Fv2%2Fcomments&post=121"}],"version-history":[{"count":19,"href":"https:\/\/www.centroesteticamoderna.com\/index.php?rest_route=\/wp\/v2\/pages\/121\/revisions"}],"predecessor-version":[{"id":230,"href":"https:\/\/www.centroesteticamoderna.com\/index.php?rest_route=\/wp\/v2\/pages\/121\/revisions\/230"}],"wp:attachment":[{"href":"https:\/\/www.centroesteticamoderna.com\/index.php?rest_route=%2Fwp%2Fv2%2Fmedia&parent=121"}],"curies":[{"name":"wp","href":"https:\/\/api.w.org\/{rel}","templated":true}]}}